{"id":2,"date":"2022-11-18T10:34:10","date_gmt":"2022-11-18T10:34:10","guid":{"rendered":"https:\/\/tvasmeder925.se\/?page_id=2"},"modified":"2022-11-18T14:16:02","modified_gmt":"2022-11-18T14:16:02","slug":"sample-page","status":"publish","type":"page","link":"https:\/\/tvasmeder925.se\/","title":{"rendered":"Tv\u00e5 Smeder 925"},"content":{"rendered":"\t\t<div data-elementor-type=\"wp-page\" data-elementor-id=\"2\" class=\"elementor elementor-2\">\n\t\t\t\t\t\t\t\t\t<section class=\"elementor-section elementor-top-section elementor-element elementor-element-33bbaab8 elementor-section-boxed elementor-section-height-default elementor-section-height-default\" data-id=\"33bbaab8\" data-element_type=\"section\">\n\t\t\t\t\t\t<div class=\"elementor-container elementor-column-gap-default\">\n\t\t\t\t\t<div class=\"elementor-column elementor-col-100 elementor-top-column elementor-element elementor-element-69fdf9a2\" data-id=\"69fdf9a2\" data-element_type=\"column\">\n\t\t\t<div class=\"elementor-widget-wrap elementor-element-populated\">\n\t\t\t\t\t\t\t\t<div class=\"elementor-element elementor-element-2632594a elementor-widget elementor-widget-text-editor\" data-id=\"2632594a\" data-element_type=\"widget\" data-widget_type=\"text-editor.default\">\n\t\t\t\t<div class=\"elementor-widget-container\">\n\t\t\t<style>\/*! elementor - v3.8.1 - 13-11-2022 *\/\n.elementor-widget-text-editor.elementor-drop-cap-view-stacked .elementor-drop-cap{background-color:#818a91;color:#fff}.elementor-widget-text-editor.elementor-drop-cap-view-framed .elementor-drop-cap{color:#818a91;border:3px solid;background-color:transparent}.elementor-widget-text-editor:not(.elementor-drop-cap-view-default) .elementor-drop-cap{margin-top:8px}.elementor-widget-text-editor:not(.elementor-drop-cap-view-default) .elementor-drop-cap-letter{width:1em;height:1em}.elementor-widget-text-editor .elementor-drop-cap{float:left;text-align:center;line-height:1;font-size:50px}.elementor-widget-text-editor .elementor-drop-cap-letter{display:inline-block}<\/style>\t\t\t\t<h3>H\u00e4r kommer v\u00e5r nya sida att v\u00e4xa fram<\/h3>\t\t\t\t\t\t<\/div>\n\t\t\t\t<\/div>\n\t\t\t\t\t<\/div>\n\t\t<\/div>\n\t\t\t\t\t\t\t<\/div>\n\t\t<\/section>\n\t\t\t\t<section class=\"elementor-section elementor-top-section elementor-element elementor-element-917b227 elementor-section-boxed elementor-section-height-default elementor-section-height-default\" data-id=\"917b227\" data-element_type=\"section\">\n\t\t\t\t\t\t<div class=\"elementor-container elementor-column-gap-default\">\n\t\t\t\t\t<div class=\"elementor-column elementor-col-33 elementor-top-column elementor-element elementor-element-4deb350\" data-id=\"4deb350\" data-element_type=\"column\">\n\t\t\t<div class=\"elementor-widget-wrap elementor-element-populated\">\n\t\t\t\t\t\t\t\t<div class=\"elementor-element elementor-element-9fc1457 elementor-widget elementor-widget-image\" data-id=\"9fc1457\" data-element_type=\"widget\" data-widget_type=\"image.default\">\n\t\t\t\t<div class=\"elementor-widget-container\">\n\t\t\t<style>\/*! elementor - v3.8.1 - 13-11-2022 *\/\n.elementor-widget-image{text-align:center}.elementor-widget-image a{display:inline-block}.elementor-widget-image a img[src$=\".svg\"]{width:48px}.elementor-widget-image img{vertical-align:middle;display:inline-block}<\/style>\t\t\t\t\t\t\t\t\t\t\t\t<img loading=\"lazy\" decoding=\"async\" width=\"254\" height=\"300\" src=\"https:\/\/tvasmeder925.se\/wp-content\/uploads\/2022\/11\/IMG-4905-254x300.jpg\" class=\"attachment-medium size-medium\" alt=\"\" srcset=\"https:\/\/tvasmeder925.se\/wp-content\/uploads\/2022\/11\/IMG-4905-254x300.jpg 254w, https:\/\/tvasmeder925.se\/wp-content\/uploads\/2022\/11\/IMG-4905-868x1024.jpg 868w, https:\/\/tvasmeder925.se\/wp-content\/uploads\/2022\/11\/IMG-4905-768x906.jpg 768w, https:\/\/tvasmeder925.se\/wp-content\/uploads\/2022\/11\/IMG-4905-1303x1536.jpg 1303w, https:\/\/tvasmeder925.se\/wp-content\/uploads\/2022\/11\/IMG-4905.jpg 1446w\" sizes=\"auto, (max-width: 254px) 100vw, 254px\" \/>\t\t\t\t\t\t\t\t\t\t\t\t\t\t\t<\/div>\n\t\t\t\t<\/div>\n\t\t\t\t\t<\/div>\n\t\t<\/div>\n\t\t\t\t<div class=\"elementor-column elementor-col-66 elementor-top-column elementor-element elementor-element-ae0cc4f\" data-id=\"ae0cc4f\" data-element_type=\"column\">\n\t\t\t<div class=\"elementor-widget-wrap elementor-element-populated\">\n\t\t\t\t\t\t\t\t<div class=\"elementor-element elementor-element-a0248b2 elementor-widget elementor-widget-heading\" data-id=\"a0248b2\" data-element_type=\"widget\" data-widget_type=\"heading.default\">\n\t\t\t\t<div class=\"elementor-widget-container\">\n\t\t\t<style>\/*! elementor - v3.8.1 - 13-11-2022 *\/\n.elementor-heading-title{padding:0;margin:0;line-height:1}.elementor-widget-heading .elementor-heading-title[class*=elementor-size-]>a{color:inherit;font-size:inherit;line-height:inherit}.elementor-widget-heading .elementor-heading-title.elementor-size-small{font-size:15px}.elementor-widget-heading .elementor-heading-title.elementor-size-medium{font-size:19px}.elementor-widget-heading .elementor-heading-title.elementor-size-large{font-size:29px}.elementor-widget-heading .elementor-heading-title.elementor-size-xl{font-size:39px}.elementor-widget-heading .elementor-heading-title.elementor-size-xxl{font-size:59px}<\/style><h5 class=\"elementor-heading-title elementor-size-default\">Christel Carlander och Johanna Arborelius  det \u00e4r vi som \u00e4r Tv\u00e5 Smeder 925!<\/h5>\t\t<\/div>\n\t\t\t\t<\/div>\n\t\t\t\t<div class=\"elementor-element elementor-element-4c316b6 elementor-widget elementor-widget-text-editor\" data-id=\"4c316b6\" data-element_type=\"widget\" data-widget_type=\"text-editor.default\">\n\t\t\t\t<div class=\"elementor-widget-container\">\n\t\t\t\t\t\t\t<p>Unika smycken som tillverkas f\u00f6r hand i v\u00e5r egen smedja p\u00e5 Ban\u00e9rsgatan i Malm\u00f6. Alla smycken tillverkas av kontrollerat silver. D\u00e5 vet vi att silvret \u00e4r fritt fr\u00e5n nickel ock inte \u00e4r stulet.<\/p><p>M\u00e5nga smycken tillverkas i ett exemplar medan andra g\u00e5r att k\u00f6pas eller best\u00e4llas.<\/p>\t\t\t\t\t\t<\/div>\n\t\t\t\t<\/div>\n\t\t\t\t\t<\/div>\n\t\t<\/div>\n\t\t\t\t\t\t\t<\/div>\n\t\t<\/section>\n\t\t\t\t<section class=\"elementor-section elementor-top-section elementor-element elementor-element-f77c2bc elementor-section-boxed elementor-section-height-default elementor-section-height-default\" data-id=\"f77c2bc\" data-element_type=\"section\">\n\t\t\t\t\t\t<div class=\"elementor-container elementor-column-gap-default\">\n\t\t\t\t\t<div class=\"elementor-column elementor-col-25 elementor-top-column elementor-element elementor-element-3b32d03\" data-id=\"3b32d03\" data-element_type=\"column\">\n\t\t\t<div class=\"elementor-widget-wrap elementor-element-populated\">\n\t\t\t\t\t\t\t\t<div class=\"elementor-element elementor-element-d3ddf60 elementor-widget elementor-widget-image\" data-id=\"d3ddf60\" data-element_type=\"widget\" data-widget_type=\"image.default\">\n\t\t\t\t<div class=\"elementor-widget-container\">\n\t\t\t\t\t\t\t\t\t\t\t\t\t\t\t<img loading=\"lazy\" decoding=\"async\" width=\"800\" height=\"889\" src=\"https:\/\/tvasmeder925.se\/wp-content\/uploads\/2022\/11\/IMG-4910.jpg\" class=\"attachment-large size-large\" alt=\"\" srcset=\"https:\/\/tvasmeder925.se\/wp-content\/uploads\/2022\/11\/IMG-4910.jpg 812w, https:\/\/tvasmeder925.se\/wp-content\/uploads\/2022\/11\/IMG-4910-270x300.jpg 270w, https:\/\/tvasmeder925.se\/wp-content\/uploads\/2022\/11\/IMG-4910-768x853.jpg 768w\" sizes=\"auto, (max-width: 800px) 100vw, 800px\" \/>\t\t\t\t\t\t\t\t\t\t\t\t\t\t\t<\/div>\n\t\t\t\t<\/div>\n\t\t\t\t\t<\/div>\n\t\t<\/div>\n\t\t\t\t<div class=\"elementor-column elementor-col-25 elementor-top-column elementor-element elementor-element-fc5596e\" data-id=\"fc5596e\" data-element_type=\"column\">\n\t\t\t<div class=\"elementor-widget-wrap elementor-element-populated\">\n\t\t\t\t\t\t\t\t<div class=\"elementor-element elementor-element-1c2381e elementor-widget elementor-widget-image\" data-id=\"1c2381e\" data-element_type=\"widget\" data-widget_type=\"image.default\">\n\t\t\t\t<div class=\"elementor-widget-container\">\n\t\t\t\t\t\t\t\t\t\t\t\t\t\t\t<img loading=\"lazy\" decoding=\"async\" width=\"480\" height=\"498\" src=\"https:\/\/tvasmeder925.se\/wp-content\/uploads\/2022\/11\/225217160_1405683883144970_467954219415258914_n.jpg\" class=\"attachment-large size-large\" alt=\"\" srcset=\"https:\/\/tvasmeder925.se\/wp-content\/uploads\/2022\/11\/225217160_1405683883144970_467954219415258914_n.jpg 480w, https:\/\/tvasmeder925.se\/wp-content\/uploads\/2022\/11\/225217160_1405683883144970_467954219415258914_n-289x300.jpg 289w\" sizes=\"auto, (max-width: 480px) 100vw, 480px\" \/>\t\t\t\t\t\t\t\t\t\t\t\t\t\t\t<\/div>\n\t\t\t\t<\/div>\n\t\t\t\t\t<\/div>\n\t\t<\/div>\n\t\t\t\t<div class=\"elementor-column elementor-col-25 elementor-top-column elementor-element elementor-element-cb3d043\" data-id=\"cb3d043\" data-element_type=\"column\">\n\t\t\t<div class=\"elementor-widget-wrap elementor-element-populated\">\n\t\t\t\t\t\t\t\t<div class=\"elementor-element elementor-element-d64f393 elementor-widget elementor-widget-image\" data-id=\"d64f393\" data-element_type=\"widget\" data-widget_type=\"image.default\">\n\t\t\t\t<div class=\"elementor-widget-container\">\n\t\t\t\t\t\t\t\t\t\t\t\t\t\t\t<img loading=\"lazy\" decoding=\"async\" width=\"480\" height=\"640\" src=\"https:\/\/tvasmeder925.se\/wp-content\/uploads\/2022\/11\/224226952_1521003861566934_3483780847967267250_n.jpg\" class=\"attachment-large size-large\" alt=\"\" srcset=\"https:\/\/tvasmeder925.se\/wp-content\/uploads\/2022\/11\/224226952_1521003861566934_3483780847967267250_n.jpg 480w, https:\/\/tvasmeder925.se\/wp-content\/uploads\/2022\/11\/224226952_1521003861566934_3483780847967267250_n-225x300.jpg 225w\" sizes=\"auto, (max-width: 480px) 100vw, 480px\" \/>\t\t\t\t\t\t\t\t\t\t\t\t\t\t\t<\/div>\n\t\t\t\t<\/div>\n\t\t\t\t\t<\/div>\n\t\t<\/div>\n\t\t\t\t<div class=\"elementor-column elementor-col-25 elementor-top-column elementor-element elementor-element-181e4f5\" data-id=\"181e4f5\" data-element_type=\"column\">\n\t\t\t<div class=\"elementor-widget-wrap elementor-element-populated\">\n\t\t\t\t\t\t\t\t<div class=\"elementor-element elementor-element-8d1bd7a elementor-widget elementor-widget-image\" data-id=\"8d1bd7a\" data-element_type=\"widget\" data-widget_type=\"image.default\">\n\t\t\t\t<div class=\"elementor-widget-container\">\n\t\t\t\t\t\t\t\t\t\t\t\t\t\t\t<img loading=\"lazy\" decoding=\"async\" width=\"800\" height=\"793\" src=\"https:\/\/tvasmeder925.se\/wp-content\/uploads\/2022\/11\/IMG_20220730_121318-1-1024x1015.jpg\" class=\"attachment-large size-large\" alt=\"\" srcset=\"https:\/\/tvasmeder925.se\/wp-content\/uploads\/2022\/11\/IMG_20220730_121318-1-1024x1015.jpg 1024w, https:\/\/tvasmeder925.se\/wp-content\/uploads\/2022\/11\/IMG_20220730_121318-1-300x297.jpg 300w, https:\/\/tvasmeder925.se\/wp-content\/uploads\/2022\/11\/IMG_20220730_121318-1-150x150.jpg 150w, https:\/\/tvasmeder925.se\/wp-content\/uploads\/2022\/11\/IMG_20220730_121318-1-768x761.jpg 768w, https:\/\/tvasmeder925.se\/wp-content\/uploads\/2022\/11\/IMG_20220730_121318-1.jpg 1534w\" sizes=\"auto, (max-width: 800px) 100vw, 800px\" \/>\t\t\t\t\t\t\t\t\t\t\t\t\t\t\t<\/div>\n\t\t\t\t<\/div>\n\t\t\t\t\t<\/div>\n\t\t<\/div>\n\t\t\t\t\t\t\t<\/div>\n\t\t<\/section>\n\t\t\t\t\t\t\t<\/div>\n\t\t","protected":false},"excerpt":{"rendered":"<p>H\u00e4r kommer v\u00e5r nya sida att v\u00e4xa fram Christel Carlander och Johanna Arborelius det \u00e4r vi som \u00e4r Tv\u00e5 Smeder 925! Unika smycken som tillverkas f\u00f6r hand i v\u00e5r egen smedja p\u00e5 Ban\u00e9rsgatan i Malm\u00f6. Alla smycken tillverkas av kontrollerat silver. D\u00e5 vet vi att silvret \u00e4r fritt fr\u00e5n nickel ock inte \u00e4r stulet. M\u00e5nga [&hellip;]<\/p>\n","protected":false},"author":1,"featured_media":0,"parent":0,"menu_order":0,"comment_status":"closed","ping_status":"open","template":"","meta":{"footnotes":""},"class_list":["post-2","page","type-page","status-publish","hentry"],"aioseo_notices":[],"yoast_head":"<!-- This site is optimized with the Yoast SEO plugin v19.10 - https:\/\/yoast.com\/wordpress\/plugins\/seo\/ -->\n<title>Tv\u00e5 Smeder 925 - Tv\u00e5 Smeder 925<\/title>\n<meta name=\"robots\" content=\"index, follow, max-snippet:-1, max-image-preview:large, max-video-preview:-1\" \/>\n<link rel=\"canonical\" href=\"https:\/\/tvasmeder925.se\/\" \/>\n<meta property=\"og:locale\" content=\"sv_SE\" \/>\n<meta property=\"og:type\" content=\"article\" \/>\n<meta property=\"og:title\" content=\"Tv\u00e5 Smeder 925 - Tv\u00e5 Smeder 925\" \/>\n<meta property=\"og:description\" content=\"H\u00e4r kommer v\u00e5r nya sida att v\u00e4xa fram Christel Carlander och Johanna Arborelius det \u00e4r vi som \u00e4r Tv\u00e5 Smeder 925! Unika smycken som tillverkas f\u00f6r hand i v\u00e5r egen smedja p\u00e5 Ban\u00e9rsgatan i Malm\u00f6. Alla smycken tillverkas av kontrollerat silver. D\u00e5 vet vi att silvret \u00e4r fritt fr\u00e5n nickel ock inte \u00e4r stulet. M\u00e5nga [&hellip;]\" \/>\n<meta property=\"og:url\" content=\"https:\/\/tvasmeder925.se\/\" \/>\n<meta property=\"og:site_name\" content=\"Tv\u00e5 Smeder 925\" \/>\n<meta property=\"article:modified_time\" content=\"2022-11-18T14:16:02+00:00\" \/>\n<meta property=\"og:image\" content=\"https:\/\/tvasmeder925.se\/wp-content\/uploads\/2022\/11\/IMG-4905-254x300.jpg\" \/>\n<meta name=\"twitter:card\" content=\"summary_large_image\" \/>\n<meta name=\"twitter:label1\" content=\"Ber\u00e4knad l\u00e4stid\" \/>\n\t<meta name=\"twitter:data1\" content=\"2 minuter\" \/>\n<script type=\"application\/ld+json\" class=\"yoast-schema-graph\">{\"@context\":\"https:\/\/schema.org\",\"@graph\":[{\"@type\":\"WebPage\",\"@id\":\"https:\/\/tvasmeder925.se\/\",\"url\":\"https:\/\/tvasmeder925.se\/\",\"name\":\"Tv\u00e5 Smeder 925 - Tv\u00e5 Smeder 925\",\"isPartOf\":{\"@id\":\"https:\/\/tvasmeder925.se\/#website\"},\"datePublished\":\"2022-11-18T10:34:10+00:00\",\"dateModified\":\"2022-11-18T14:16:02+00:00\",\"breadcrumb\":{\"@id\":\"https:\/\/tvasmeder925.se\/#breadcrumb\"},\"inLanguage\":\"sv-SE\",\"potentialAction\":[{\"@type\":\"ReadAction\",\"target\":[\"https:\/\/tvasmeder925.se\/\"]}]},{\"@type\":\"BreadcrumbList\",\"@id\":\"https:\/\/tvasmeder925.se\/#breadcrumb\",\"itemListElement\":[{\"@type\":\"ListItem\",\"position\":1,\"name\":\"Hem\",\"item\":\"https:\/\/tvasmeder925.se\/\"},{\"@type\":\"ListItem\",\"position\":2,\"name\":\"Tv\u00e5 Smeder 925\"}]},{\"@type\":\"WebSite\",\"@id\":\"https:\/\/tvasmeder925.se\/#website\",\"url\":\"https:\/\/tvasmeder925.se\/\",\"name\":\"Tv\u00e5 Smeder 925\",\"description\":\"Livet \u00e4r f\u00f6r kort f\u00f6r tr\u00e5kiga smycken\",\"publisher\":{\"@id\":\"https:\/\/tvasmeder925.se\/#organization\"},\"potentialAction\":[{\"@type\":\"SearchAction\",\"target\":{\"@type\":\"EntryPoint\",\"urlTemplate\":\"https:\/\/tvasmeder925.se\/?s={search_term_string}\"},\"query-input\":\"required name=search_term_string\"}],\"inLanguage\":\"sv-SE\"},{\"@type\":\"Organization\",\"@id\":\"https:\/\/tvasmeder925.se\/#organization\",\"name\":\"Tv\u00e5 Smeder 925\",\"url\":\"https:\/\/tvasmeder925.se\/\",\"logo\":{\"@type\":\"ImageObject\",\"inLanguage\":\"sv-SE\",\"@id\":\"https:\/\/tvasmeder925.se\/#\/schema\/logo\/image\/\",\"url\":\"https:\/\/tvasmeder925.se\/wp-content\/uploads\/2022\/11\/cropped-Tvasmeder_logo300x175.png\",\"contentUrl\":\"https:\/\/tvasmeder925.se\/wp-content\/uploads\/2022\/11\/cropped-Tvasmeder_logo300x175.png\",\"width\":300,\"height\":175,\"caption\":\"Tv\u00e5 Smeder 925\"},\"image\":{\"@id\":\"https:\/\/tvasmeder925.se\/#\/schema\/logo\/image\/\"}}]}<\/script>\n<!-- \/ Yoast SEO plugin. -->","yoast_head_json":{"title":"Tv\u00e5 Smeder 925 - Tv\u00e5 Smeder 925","robots":{"index":"index","follow":"follow","max-snippet":"max-snippet:-1","max-image-preview":"max-image-preview:large","max-video-preview":"max-video-preview:-1"},"canonical":"https:\/\/tvasmeder925.se\/","og_locale":"sv_SE","og_type":"article","og_title":"Tv\u00e5 Smeder 925 - Tv\u00e5 Smeder 925","og_description":"H\u00e4r kommer v\u00e5r nya sida att v\u00e4xa fram Christel Carlander och Johanna Arborelius det \u00e4r vi som \u00e4r Tv\u00e5 Smeder 925! Unika smycken som tillverkas f\u00f6r hand i v\u00e5r egen smedja p\u00e5 Ban\u00e9rsgatan i Malm\u00f6. Alla smycken tillverkas av kontrollerat silver. D\u00e5 vet vi att silvret \u00e4r fritt fr\u00e5n nickel ock inte \u00e4r stulet. M\u00e5nga [&hellip;]","og_url":"https:\/\/tvasmeder925.se\/","og_site_name":"Tv\u00e5 Smeder 925","article_modified_time":"2022-11-18T14:16:02+00:00","og_image":[{"url":"https:\/\/tvasmeder925.se\/wp-content\/uploads\/2022\/11\/IMG-4905-254x300.jpg"}],"twitter_card":"summary_large_image","twitter_misc":{"Ber\u00e4knad l\u00e4stid":"2 minuter"},"schema":{"@context":"https:\/\/schema.org","@graph":[{"@type":"WebPage","@id":"https:\/\/tvasmeder925.se\/","url":"https:\/\/tvasmeder925.se\/","name":"Tv\u00e5 Smeder 925 - Tv\u00e5 Smeder 925","isPartOf":{"@id":"https:\/\/tvasmeder925.se\/#website"},"datePublished":"2022-11-18T10:34:10+00:00","dateModified":"2022-11-18T14:16:02+00:00","breadcrumb":{"@id":"https:\/\/tvasmeder925.se\/#breadcrumb"},"inLanguage":"sv-SE","potentialAction":[{"@type":"ReadAction","target":["https:\/\/tvasmeder925.se\/"]}]},{"@type":"BreadcrumbList","@id":"https:\/\/tvasmeder925.se\/#breadcrumb","itemListElement":[{"@type":"ListItem","position":1,"name":"Hem","item":"https:\/\/tvasmeder925.se\/"},{"@type":"ListItem","position":2,"name":"Tv\u00e5 Smeder 925"}]},{"@type":"WebSite","@id":"https:\/\/tvasmeder925.se\/#website","url":"https:\/\/tvasmeder925.se\/","name":"Tv\u00e5 Smeder 925","description":"Livet \u00e4r f\u00f6r kort f\u00f6r tr\u00e5kiga smycken","publisher":{"@id":"https:\/\/tvasmeder925.se\/#organization"},"potentialAction":[{"@type":"SearchAction","target":{"@type":"EntryPoint","urlTemplate":"https:\/\/tvasmeder925.se\/?s={search_term_string}"},"query-input":"required name=search_term_string"}],"inLanguage":"sv-SE"},{"@type":"Organization","@id":"https:\/\/tvasmeder925.se\/#organization","name":"Tv\u00e5 Smeder 925","url":"https:\/\/tvasmeder925.se\/","logo":{"@type":"ImageObject","inLanguage":"sv-SE","@id":"https:\/\/tvasmeder925.se\/#\/schema\/logo\/image\/","url":"https:\/\/tvasmeder925.se\/wp-content\/uploads\/2022\/11\/cropped-Tvasmeder_logo300x175.png","contentUrl":"https:\/\/tvasmeder925.se\/wp-content\/uploads\/2022\/11\/cropped-Tvasmeder_logo300x175.png","width":300,"height":175,"caption":"Tv\u00e5 Smeder 925"},"image":{"@id":"https:\/\/tvasmeder925.se\/#\/schema\/logo\/image\/"}}]}},"_links":{"self":[{"href":"https:\/\/tvasmeder925.se\/index.php\/wp-json\/wp\/v2\/pages\/2","targetHints":{"allow":["GET"]}}],"collection":[{"href":"https:\/\/tvasmeder925.se\/index.php\/wp-json\/wp\/v2\/pages"}],"about":[{"href":"https:\/\/tvasmeder925.se\/index.php\/wp-json\/wp\/v2\/types\/page"}],"author":[{"embeddable":true,"href":"https:\/\/tvasmeder925.se\/index.php\/wp-json\/wp\/v2\/users\/1"}],"replies":[{"embeddable":true,"href":"https:\/\/tvasmeder925.se\/index.php\/wp-json\/wp\/v2\/comments?post=2"}],"version-history":[{"count":13,"href":"https:\/\/tvasmeder925.se\/index.php\/wp-json\/wp\/v2\/pages\/2\/revisions"}],"predecessor-version":[{"id":82,"href":"https:\/\/tvasmeder925.se\/index.php\/wp-json\/wp\/v2\/pages\/2\/revisions\/82"}],"wp:attachment":[{"href":"https:\/\/tvasmeder925.se\/index.php\/wp-json\/wp\/v2\/media?parent=2"}],"curies":[{"name":"wp","href":"https:\/\/api.w.org\/{rel}","templated":true}]}}